
119
In base 10, what is 924 - 1?
923
In base 9, what is 451 - 8?
442
In base 11, what is 11 - 78?
-67
In base 9, what is 3010 - 15?
2884
In base 11, what is -1 + -120?
-121
In base 10, what is 5 + 345?
350
In base 6, what is 1 - -3435?
3440
In base 11, what is -354 - 4?
-358
In base 11, what is 335 - 2?
333
In base 5, what is 1 - 12133?
-12132
In base 12, what is 3 - 386?
-383
In base 6, what is -1 - -2211?
2210
In base 3, what is -1102 - -2002?
200
In base 15, what is -3 + -16?
-19
In base 6, what is 144 + 10?
154
In base 10, what is -63 + 2?
-61
In base 10, what is -611 + 1?
-610
In base 14, what is 432 + -15?
41b
In base 11, what is -3 - -210?
208
In base 11, what is 42 + 2?
44
In base 6, what is 0 + 154?
154
In base 10, what is -216 - 14?
-230
In base 14, what is 3cc - 1?
3cb
In base 4, what is 330 - -10?
1000
In base 16, what is -1a2 + 5?
-19d
In base 4, what is -22 - 2231?
-2313
In base 16, what is e - -4?
12
In base 6, what is -1 + 32?
31
In base 3, what is -120 - -22?
-21
In base 14, what is 4 + -d00?
-cda
In base 4, what is -10 + 22000?
21330
In base 8, what is 4 + -410?
-404
In base 4, what is 3130 - -100?
3230
In base 6, what is 330 - -4?
334
In base 16, what is -83 - 2?
-85
In base 16, what is -27c0 + -4?
-27c4
In base 14, what is -4 - -45?
41
In base 8, what is -3 + -116?
-121
In base 15, what is 1 - -51?
52
In base 16, what is 3 - 7cd?
-7ca
In base 13, what is -20b9 - 5?
-20c1
In base 9, what is 4 + 6?
11
In base 5, what is 23343 - 22?
23321
In base 12, what is -5 - -131?
128
In base 13, what is 12a - 3?
127
In base 14, what is b6 - -23?
d9
In base 5, what is 432420 - 4?
432411
In base 12, what is 1a42 + -4?
1a3a
In base 6, what is 1322 + -10?
1312
In base 7, what is 16 - -1?
20
In base 13, what is 3 + -5a?
-57
In base 15, what is 8041 + 5?
8046
In base 16, what is 1 + e?
f
In base 14, what is -5 - d8?
-dd
In base 13, what is -6 - -102?
c9
In base 16, what is -5 - -92?
8d
In base 5, what is 143 + 21?
214
In base 6, what is -1 - -20314?
20313
In base 13, what is -134 - 3?
-137
In base 10, what is -3452 - 1?
-3453
In base 9, what is -72 + 4?
-67
In base 7, what is 334 + -2?
332
In base 13, what is 2224 - 2?
2222
In base 5, what is -402 - -3?
-344
In base 3, what is 110 - 1100?
-220
In base 10, what is -80 - 66?
-146
In base 11, what is -2 + -20?
-22
In base 15, what is 15 - 2?
13
In base 9, what is -8 - 63?
-72
In base 16, what is -2ae + -3?
-2b1
In base 15, what is 1a - -1?
1b
In base 8, what is -5 + -11033?
-11040
In base 6, what is 2 - -120?
122
In base 16, what is 152 - 9?
149
In base 2, what is 101001 + -10011001?
-1110000
In base 16, what is 9 - 24?
-1b
In base 10, what is 8 - -3?
11
In base 5, what is 4103 - 12?
4041
In base 16, what is b + -9b?
-90
In base 13, what is 3 + 38?
3b
In base 12, what is 0 - -583?
583
In base 14, what is -10 - -23a?
22a
In base 14, what is -3 - -939?
936
In base 6, what is 103 - -4?
111
In base 14, what is -1a - -3?
-17
In base 12, what is 27 - -110?
137
In base 12, what is -29 - -11?
-18
In base 9, what is 6 + -503?
-486
In base 4, what is -3102 - 22?
-3130
In base 7, what is -23612 - 4?
-23616
In base 3, what is 1001 + 11?
1012
In base 2, what is 111 - -1000?
1111
In base 16, what is 8 - 18?
-10
In base 9, what is -30 + -2?
-32
In base 13, what is 3 + 34?
37
In base 3, what is -211022012 - -12?
-211022000
In base 3, what is -2 + 2220101?
2220022
In base 11, what is 128a6 - -1?
128a7
In base 4, what is 131 + 0?
131
In base 3, what is 11012000 + -12?
11011211
In base 3, what is 1 + -111120?
-111112
In base 10, what is 3 - -75?
78
In base 11, what is 0 + -189?
-189
In base 15, what is -23 - 355?
-378
In base 10, what is -2 + -291?
-293
In base 11, what is 2 - -148?
14a
In base 5, what is 0 + 3310?
3310
In base 12, what is -1 - -1b?
1a
In base 13, what is 4 - -354?
358
In base 12, what is 26 + 109?
133
In base 16, what is 3b0 - 4?
3ac
In base 16, what is -5 - -79a?
795
In base 2, what is 1001 + -11?
110
In base 8, what is 4305 + 4?
4311
In base 10, what is 1 + -211?
-210
In base 11, what is -5 + -27a8?
-2802
In base 8, what is -66620 - -1?
-66617
In base 7, what is 63 + -121?
-25
In base 12, what is 59 + -1b?
3a
In base 3, what is -2202212 - 1?
-2202220
In base 11, what is -3 + -263?
-266
In base 13, what is 1 + 26?
27
In base 7, what is 4 - 16540?
-16533
In base 3, what is 22 + -112?
-20
In base 10, what is 6 + 16?
22
In base 3, what is 1 - -1020?
1021
In base 16, what is -f + -ab?
-ba
In base 5, what is 23210 - 2?
23203
In base 13, what is -613 + -3?
-616
In base 5, what is 3 + 441?
444
In base 10, what is -22 - -70?
48
In base 5, what is 22043 - -10?
22103
In base 11, what is -772 + 2?
-770
In base 9, what is 84 + 3?
87
In base 13, what is -2 + -326?
-328
In base 10, what is 52 - 0?
52
In base 5, what is 30 + -4?
21
In base 15, what is 1 + 123c?
123d
In base 4, what is 20 - -10302?
10322
In base 15, what is -8 + 8d?
85
In base 3, what is -1 - -21020120?
21020112
In base 4, what is 11 + -203123?
-203112
In base 6, what is 10250 + -1?
10245
In base 3, what is 122220 + -220?
122000
In base 11, what is 310 - 20?
2a0
In base 4, what is -2 - -10111?
10103
In base 10, what is 1 + 802?
803
In base 12, what is 113 + 3?
116
In base 4, what is -1 + 101011?
101010
In base 10, what is 33 + -2?
31
In base 7, what is 1 + 104?
105
In base 12, what is -1a + 4b?
31
In base 5, what is -1044 - -2?
-1042
In base 3, what is 102 + 200?
1002
In base 7, what is -1 + -6524?
-6525
In base 5, what is -2003 - 2?
-2010
In base 11, what is -3 + 205a?
2057
In base 16, what is -4 - 869?
-86d
In base 16, what is -7 - -33?
2c
In base 10, what is 4 + 68?
72
In base 8, what is 2336 + -1?
2335
In base 4, what is -2 + 1323?
1321
In base 2, what is -1110101 - -10101?
-1100000
In base 16, what is -b34 - -1?
-b33
In base 8, what is 236 - 77?
137
In base 13, what is 1 - -7aa?
7ab
In base 4, what is -3 + -2112?
-2121
In base 3, what is -22001010 - -12?
-22000221
In base 14, what is 5 - -b3d?
b44
In base 15, what is 7 + 6?
d
In base 2, what is 10110 + -110011?
-11101
In base 15, what is -3e - -34?
-a
In base 8, what is 4 + 172?
176
In base 9, what is 144 + 0?
144
In base 3, what is -11 + -122?
-210
In base 9, what is -2311 + -3?
-2314
In base 2, what is 10011 + 1000010001?
1000100100
In base 11, what is -a - 49?
-58
In base 16, what is -2 - e0?
-e2
In base 5, what is 101423 - 10?
101413
In base 10, what is 1 + -2538?
-2537
In base 14, what is -2 - -49?
47
In base 11, what is -35a + -1?
-360
In base 10, what is 4 - -15?
19
In base 4, what is 22 + 103?
131
In base 6, what is -152 - -403?
211
In base 8, what is -4 - -47?
43
In base 16, what is 5 - -26?
2b
In base 2, what is -10011 + -1010111100?
-1011001111
In base 10, what is 487 + -2?
485
In base 10, what is 2 - 1263?
-1261
In base 16, what is 2e + -4?
2a
In base 11, what is -a4 + -1?
-a5
In base 15, what is 14 + -14?
0
In base 15, what is 3119 + 2?
311b
In base 8, what is 7 + 111?
120
In base 2, what is 11000001 + -11?
10111110
In base 15, what is 3 + -309?
-306
In base 12, what is 5 + 15a0?
15a5
In base 4, what is 2 - -123?
131
In base 11, what is -4 + 126?
122
In base 13, what is -2 - 8b3?
-8b5
In base 7, what is -43110 + 5?
-43102
In base 4, what is -10 - 122220?
-122230
In base 5, what is 2 - 20242?
-20240
In base 14, what is -454 - 2?
-456
In base 10, what is -2 + -96?
-98
In base 11, what is -4 - 1286?
-128a
In base 16, what is 2d19 - 0?
2d19
In base 7, what is -1 + 1121?
1120
In base 10, what is -96 + 25?
-71
In base 13, what is 39ca - 4?
39c6
In base 15, what is -7 + -13?
-1a
In base 13, what is 9 - -414?
420
In base 13, what is -a7 + 1?
-a6
In base 5, what is 121 - 443?
-322
In base 12, what is -74 + 13?
-61
In base 2, what is 111 + -1100001111?
-1100001000
In base 13, what is -41 - -11?
-30
In base 10, what is -1151 + -4?
-1155
In base 14, what is cc - 5?
c7
In base 13, what is -3 + -56?
-59
In base 12, what is 5 + 182?
187
In base 4, what is 12000 - 1?
11333
In base 7, what is -1 - 21405?
-21406
In base 5, what is -1 + -124?
-130
In base 12, what is 7b + -114?
-55
In base 2, what is -10010 + 10101001?
10010111
In base 15, what is -109 + -1?
-10a
In base 4, what is -13212 - 10?
-13222
In base 3, what is -11 - -21002?
20221
In base 4, what is 11 + 220?
231
In base 14, what i